{"id":27,"date":"2016-10-18T09:58:31","date_gmt":"2016-10-18T07:58:31","guid":{"rendered":"http:\/\/poradnictwo.deignis.pl\/?page_id=27"},"modified":"2017-10-31T21:46:33","modified_gmt":"2017-10-31T20:46:33","slug":"dobra-ksiazka","status":"publish","type":"page","link":"http:\/\/poradnictwo.deignis.pl\/index.php\/aktualnosci\/dobra-ksiazka\/","title":{"rendered":"Dobra ksi\u0105\u017cka"},"content":{"rendered":"<h3><span style=\"color: #000000;\">Winfried Hahn &#8222;Zaburzenia psychiczne\u00a0w \u015bwietle Biblii&#8221;<\/span><\/h3>\n<p>Jak praktycznie pom\u00f3c osobie chorej psychicznie?<br \/>\nJak wspiera\u0107 tych, kt\u00f3rzy opiekuj\u0105 si\u0119 chorym psychicznie? <img loading=\"lazy\" decoding=\"async\" class=\"alignright size-full wp-image-247\" src=\"http:\/\/poradnictwo.deignis.pl\/wp-content\/uploads\/2016\/10\/W_hahn_zaburzenia.jpg\" alt=\"w_hahn_zaburzenia\" width=\"150\" height=\"229\" \/><\/p>\n<p>Ka\u017cdy z nas zapewne nieraz w \u017cyciu spotka\u0142 si\u0119 z cz\u0142owiekiem cierpi\u0105cym z powodu depresji, l\u0119k\u00f3w, nerwicy, schizofrenii lub zaburze\u0144 osobowo\u015bci. Ludzie, kt\u00f3rzy przestali sobie radzi\u0107 ze swoim \u017cyciem, stanowi\u0105 coraz liczniejsz\u0105 grup\u0119. Potrzebuj\u0105 nie tylko wsp\u00f3\u0142czucia, ale tak\u017ce realnej, praktycznej pomocy na drodze wychodzenia z problem\u00f3w, uleczenia i wewn\u0119trznego rozwoju.<\/p>\n<p>W tej sytuacji rodz\u0105 si\u0119 pytania:<\/p>\n<ul>\n<li>Jak zrozumie\u0107 osob\u0119 cierpi\u0105c\u0105 na skutek r\u00f3\u017cnorodnych zaburze\u0144 psychicznych?<\/li>\n<li>Jak spotka\u0107 si\u0119 z osob\u0105 cierpi\u0105c\u0105 w miejscu jej potrzeby?<\/li>\n<li>Jak udziela\u0107 praktycznej pomocy w zale\u017cno\u015bci od rodzaju choroby?<\/li>\n<li>Jak odbudowa\u0107 zniszczon\u0105 umiej\u0119tno\u015b\u0107 ufania i tworzenia wi\u0119zi?<\/li>\n<li>Jak odbudowa\u0107 poczucie bezpiecze\u0144stwa i w\u0142asnej warto\u015bci?<\/li>\n<\/ul>\n<p>My\u015bl\u0105 przewodni\u0105 tej ksi\u0105\u017cki jest pr\u00f3ba udzielenia odpowiedzi na pytanie o biblijne wskaz\u00f3wki prowadz\u0105ce do zmiany i uzdrowienia zaburze\u0144 psychicznych. Chodzi o proces uzdrowienia polegaj\u0105cy nie tyle na zastosowaniu r\u00f3\u017cnorodnych technik psychoterapeutycznych czy metod duchowych, ile na praktycznych krokach,<br \/>\ndla kt\u00f3rych drogowskazem jest Pismo \u015awi\u0119te. Wa\u017cn\u0105 cz\u0119\u015bci\u0105 tej ksi\u0105\u017cki s\u0105 rzetelne, fachowe informacje na temat r\u00f3\u017cnorodnych zaburze\u0144 psychicznych, od nerwicy czy depresji, po psychozy i schizofreni\u0119.<\/p>\n<p>Autor rozwa\u017ca tak\u017ce zagadnienie: Jakie jest miejsce i rola Ko\u015bcio\u0142a, duszpasterstwa i poradnictwa w sytuacji, kiedy coraz wi\u0119cej ludzi przestaje radzi\u0107 sobie ze swoim \u017cyciem? Podkre\u015bla, \u017ce celem zar\u00f3wno duszpasterstwa, jak i terapii jest to, by umo\u017cliwi\u0107 cz\u0142owiekowi wej\u015bcie w uwalniaj\u0105ce spotkanie z Bogiem, kt\u00f3re jest decyduj\u0105cym czynnikiem w uzdrowieniu g\u0142\u0119bi serca.<\/p>\n<p>Winfried Hahn studiowa\u0142 pedagogik\u0119 i zdoby\u0142 wykszta\u0142cenie jako chrze\u015bcija\u0144ski terapeuta. Obecnie prowadzi o\u015brodek pozaklinicznej opieki psychiatrycznej DE\u2019IGNIS \u2013 dom Tabor. Jako wieloletni duszpasterz s\u0142u\u017c\u0105cy w wielu ko\u015bcio\u0142ach jest tak\u017ce cenionym wyk\u0142adowc\u0105 w trakcie seminari\u00f3w i konferencji w swoim kraju oraz zagranic\u0105.<\/p>\n<h3><span style=\"color: #000000;\"><a id=\"zabunkrowani\"><\/a>El\u017cbieta Stawnicka-Zwiahel &#8222;Zabunkrowani&#8221;<\/span><\/h3>\n<p>Ksi\u0105\u017cka &#8222;Zabunkrowani. O chorobach duszy\u201d El\u017cbiety Stawnickiej-Zwiahel ukazuje proces zamykania si\u0119 cz\u0142owieka <img loading=\"lazy\" decoding=\"async\" class=\"alignright size-full wp-image-252\" src=\"http:\/\/poradnictwo.deignis.pl\/wp-content\/uploads\/2016\/10\/zabunkrowani.jpg\" alt=\"zabunkrowani\" width=\"152\" height=\"204\" \/>poprzez mechanizmy obronne, schematy my\u015blenia, toksyczne sposoby reagowania oraz maskowania, by ochroni\u0107 samego siebie. Autorka pos\u0142uguje si\u0119 metafor\u0105 bunkra jako wymownym obrazem wolno\u015bci zal\u0119knionej. Historia ucieczki od siebie i kontaktu z w\u0142asnym wn\u0119trzem zaczyna si\u0119 w dzieci\u0144stwie, gdzie nale\u017ca\u0142oby si\u0119 doszukiwa\u0107 &#8222;korzeni&#8221; problem\u00f3w doros\u0142ego cz\u0142owieka.<\/p>\n<p>Ksi\u0105\u017cka dotyka problematyki tworzenia si\u0119, na zranieniach i doznanych traumach, chorych sposob\u00f3w my\u015blenia, zniewole\u0144 o charakterze demonicznym oraz mechanizm\u00f3w obronnych jako sposob\u00f3w radzenia sobie z b\u00f3lem ran wewn\u0119trznych. Rysuje wszak\u017ce perspektyw\u0119 nadziei jako drog\u0119 wyj\u015bcia z &#8222;bunkra&#8221; ku wolno\u015bci \u017cycia oraz podj\u0119cia walki o jego jako\u015b\u0107.<\/p>\n<p>Autorka patrzy na cz\u0142owieka ca\u0142o\u015bciowo \u2013 na poziomie ducha, duszy i cia\u0142a i ich zwi\u0105zk\u00f3w i zale\u017cno\u015bci. Bli\u017cej omawia kwesti\u0119 uzale\u017cnienia i wsp\u00f3\u0142uzale\u017cnienia, toksycznych zwi\u0105zk\u00f3w, nerwic (w szczeg\u00f3lno\u015bci nerwicy hipochondrycznej).<\/p>\n","protected":false},"excerpt":{"rendered":"<p>Winfried Hahn &#8222;Zaburzenia psychiczne\u00a0w \u015bwietle Biblii&#8221; Jak praktycznie pom\u00f3c osobie chorej psychicznie? Jak wspiera\u0107 tych, kt\u00f3rzy opiekuj\u0105 si\u0119 chorym psychicznie? Ka\u017cdy z nas zapewne nieraz w \u017cyciu spotka\u0142 si\u0119 z cz\u0142owiekiem cierpi\u0105cym z powodu depresji, l\u0119k\u00f3w, nerwicy, schizofrenii lub zaburze\u0144 osobowo\u015bci. Ludzie, kt\u00f3rzy przestali sobie radzi\u0107 ze swoim \u017cyciem, stanowi\u0105 coraz liczniejsz\u0105 grup\u0119. Potrzebuj\u0105 nie &#8230; <a title=\"Dobra ksi\u0105\u017cka\" class=\"read-more\" href=\"http:\/\/poradnictwo.deignis.pl\/index.php\/aktualnosci\/dobra-ksiazka\/\" aria-label=\"Dowiedz si\u0119 wi\u0119cej o Dobra ksi\u0105\u017cka\">czytaj dalej<\/a><\/p>\n","protected":false},"author":1,"featured_media":0,"parent":18,"menu_order":0,"comment_status":"closed","ping_status":"closed","template":"","meta":{"generate_page_header":"","footnotes":""},"class_list":["post-27","page","type-page","status-publish"],"_links":{"self":[{"href":"http:\/\/poradnictwo.deignis.pl\/index.php\/wp-json\/wp\/v2\/pages\/27","targetHints":{"allow":["GET"]}}],"collection":[{"href":"http:\/\/poradnictwo.deignis.pl\/index.php\/wp-json\/wp\/v2\/pages"}],"about":[{"href":"http:\/\/poradnictwo.deignis.pl\/index.php\/wp-json\/wp\/v2\/types\/page"}],"author":[{"embeddable":true,"href":"http:\/\/poradnictwo.deignis.pl\/index.php\/wp-json\/wp\/v2\/users\/1"}],"replies":[{"embeddable":true,"href":"http:\/\/poradnictwo.deignis.pl\/index.php\/wp-json\/wp\/v2\/comments?post=27"}],"version-history":[{"count":14,"href":"http:\/\/poradnictwo.deignis.pl\/index.php\/wp-json\/wp\/v2\/pages\/27\/revisions"}],"predecessor-version":[{"id":333,"href":"http:\/\/poradnictwo.deignis.pl\/index.php\/wp-json\/wp\/v2\/pages\/27\/revisions\/333"}],"up":[{"embeddable":true,"href":"http:\/\/poradnictwo.deignis.pl\/index.php\/wp-json\/wp\/v2\/pages\/18"}],"wp:attachment":[{"href":"http:\/\/poradnictwo.deignis.pl\/index.php\/wp-json\/wp\/v2\/media?parent=27"}],"curies":[{"name":"wp","href":"https:\/\/api.w.org\/{rel}","templated":true}]}}