{"id":144,"date":"2016-11-07T10:15:30","date_gmt":"2016-11-07T09:15:30","guid":{"rendered":"http:\/\/poradnictwo.deignis.pl\/?page_id=144"},"modified":"2023-06-15T18:26:01","modified_gmt":"2023-06-15T16:26:01","slug":"przelom-zycia","status":"publish","type":"page","link":"https:\/\/poradnictwo.deignis.pl\/index.php\/przelom-zycia\/","title":{"rendered":"Prze\u0142om \u017cycia"},"content":{"rendered":"<h3>Co to takiego?<\/h3>\n<p>Prze\u0142om \u017bycia jest programem adresowanym do os\u00f3b, kt\u00f3re zmagaj\u0105 si\u0119 z r\u00f3\u017cnymi problemami: w relacjach ma\u0142\u017ce\u0144skich, rodzinnych, w pracy \u2013 w relacjach w og\u00f3le; czuj\u0105 si\u0119 zagubione w poszukiwaniu w\u0142asnej to\u017csamo\u015bci; nie akceptuj\u0105 swojej p\u0142ci; \u017cyj\u0105 w zniewoleniu i uwik\u0142aniu w rozmaitych sferach swojego \u017cycia. Z programu mog\u0105 r\u00f3wnie\u017c skorzysta\u0107 osoby, kt\u00f3re odczuwaj\u0105 potrzeb\u0119 pog\u0142\u0119bienia swojego duchowego \u017cycia, lepszego zrozumienia siebie, rozwini\u0119cia swojego pe\u0142nego potencja\u0142u. I wreszcie, jest to program dla tych, kt\u00f3rzy pragn\u0105 pomaga\u0107 innym, towarzysz\u0105c im w ich drodze ku lepszemu.<\/p>\n<h3>Forma programu<\/h3>\n<p>Jest to program duszpasterski, prowadzony w ramach zamkni\u0119tych grup samopomocowych. Prowadzony jest przez ludzi, kt\u00f3rzy najpierw sami byli uczestnikami takiej grupy. Dzi\u0119ki dzia\u0142aniu Bo\u017cemu doznali oni procesu przemiany w jakiej\u015b dziedzinie swojego \u017cycia. Uczestniczy\u0107 w nim mo\u017ce ka\u017cdy, zar\u00f3wno wierz\u0105cy, jak i niewierz\u0105cy, po zaakceptowaniu regulaminu oraz odbyciu wst\u0119pnych rozm\u00f3w z koordynatorem lub duszpasterzem wyznaczonym przez koordynatora.<\/p>\n<h3>Sk\u0105d si\u0119 wzi\u0105\u0142?<img loading=\"lazy\" decoding=\"async\" class=\"alignright size-full wp-image-568\" src=\"http:\/\/poradnictwo.deignis.pl\/wp-content\/uploads\/2023\/06\/przelom_okladka-209x300-1.png\" alt=\"Prze\u0142om ok\u0142adka\" width=\"209\" height=\"300\" \/><\/h3>\n<p>Duszpasterstwo prezentowane w Prze\u0142omie \u017bycia opiera si\u0119 na ponad 10-letnim do\u015bwiadczeniu duszpasterzy i terapeut\u00f3w niemieckich, a zawarte w nim koncepcje psychologiczne splataj\u0105 si\u0119 \u015bci\u015ble z my\u015bl\u0105 teologiczn\u0105. O jego skuteczno\u015bci w \u017cyciu pojedynczych os\u00f3b decyduje to, jak odpowiedz\u0105 na zaproszenie do nawi\u0105zania osobistej relacji z tr\u00f3jjedynym Bogiem. Bo to On pomaga w rozwi\u0105zywaniu konflikt\u00f3w &#8211; nie tyle stoj\u0105c na zewn\u0105trz danej osoby, ale od wewn\u0105trz, daj\u0105c si\u0119 cz\u0142owiekowi pozna\u0107 i do\u015bwiadczy\u0107. Punktem wyj\u015bcia Prze\u0142omu \u017bycia jest bliska spo\u0142eczno\u015b\u0107 z Bogiem, ale nie po to, aby Go zmusi\u0107 do cudownego dzia\u0142ania, niczym za dotkni\u0119ciem magicznej r\u00f3\u017cd\u017cki. Chodzi raczej o to, aby wsp\u00f3\u0142dzia\u0142a\u0107 z Jego Duchem \u015awi\u0119tym, b\u0119d\u0105c aktywnym uczestnikiem kszta\u0142towania w sobie nowej to\u017csamo\u015bci \u2013 zakorzenionej w zmartwychwsta\u0142ym Jezusie Chrystusie.<\/p>\n<h3>Potrzeby a relacje<\/h3>\n<p>Do\u015bwiadczenie pokazuje, \u017ce wielokrotnie u pod\u0142o\u017ca problem\u00f3w cz\u0142owieka le\u017c\u0105 niezaspokojone <strong>podstawowe potrzeby<\/strong>.\u00a0 Z nich wynikaj\u0105 cz\u0119sto nieudane relacje, zniech\u0119cenie do nawi\u0105zywania relacji b\u0105d\u017a trwanie w niszcz\u0105cych relacjach. Dlatego punktem centralnym dzia\u0142a\u0144 Prze\u0142omu \u017bycia s\u0105 w\u0142a\u015bnie relacje, przy czym wi\u0119\u017a z Bogiem jest tak samo wa\u017cna, jak wi\u0119\u017a z lud\u017ami. W ma\u0142ych grupach d\u0105\u017cymy do stworzenia poczucia bezpiecze\u0144stwa i akceptacji dla wszystkich uczestnik\u00f3w.<\/p>\n<h3>O czym m\u00f3wimy?<\/h3>\n<p>Poruszamy tematy takie, jak: Przeznaczenie cz\u0142owieka i jego podstawowe potrzeby; Duch \u015awi\u0119ty i wola jednostki; Modlitwa kontemplacyjna jako bezpieczne miejsce; Przebaczenie jako klucz do uzdrowienia; Kszta\u0142towanie si\u0119 to\u017csamo\u015bci cz\u0142owieka i samoakceptacja; Zmiana nawyk\u00f3w my\u015blowych; i inne.<\/p>\n<h3>Bezpieczna przestrze\u0144<\/h3>\n<p>Nie udzielamy recept na zdrowie i szcz\u0119\u015bcie, ale staramy si\u0119 stworzy\u0107 przestrze\u0144, w kt\u00f3rej osoba potrzebuj\u0105ca poczuje si\u0119 bezpiecznie, odwa\u017cy si\u0119 odkry\u0107 swoje niezaspokojone potrzeby, ukryte poza problemami, i dozna inspiracji do szukania dr\u00f3g w\u0142a\u015bciwego ich zaspokojenia. Wtedy b\u0119dzie mog\u0142a rozwija\u0107 si\u0119 zgodnie z Bo\u017cym planem ku pe\u0142nej dojrza\u0142o\u015bci i jej \u017cycie b\u0119dzie przynosi\u0142o trwa\u0142e owoce.<\/p>\n<h3>Przebieg programu<\/h3>\n<p>Program realizowany jest w ci\u0105gu 16-18 sesji. Maj\u0105 one miejsce zazwyczaj\u00a0 co dwa tygodnie i trwaj\u0105 3 godziny. Jedna sesja sk\u0142ada si\u0119 z 3 cz\u0119\u015bci:<\/p>\n<ul>\n<li>Cz\u0119\u015b\u0107 inspiruj\u0105ca (s\u0142owo zach\u0119ty, \u015bpiew, modlitwa, \u015bwiadectwa z codziennego \u017cycia)<\/li>\n<li>Cz\u0119\u015b\u0107 nauczaj\u0105ca<\/li>\n<li>Praca w ma\u0142ych grupach pod opiek\u0105 prowadz\u0105cych grupy<\/li>\n<\/ul>\n<p>Uczestnicy w ramach niewielkich op\u0142at otrzymuj\u0105 na bie\u017c\u0105co materia\u0142y, kt\u00f3re dla wi\u0119kszej korzy\u015bci zaleca si\u0119 pog\u0142\u0119bia\u0107 w domowych przemy\u015bleniach.<\/p>\n<p>Pierwsza grupa Prze\u0142omu \u017bycia powsta\u0142a w Poznaniu, w roku 2007 roku. Od tego czasu powstaje coraz wi\u0119cej takich grup, mi\u0119dzy innymi w Gda\u0144sku oraz w Warszawie.<\/p>\n<p>Od dw\u00f3ch lat prowadzimy w uroczej miejscowo\u015bci Barycz k. Ko\u0144skiego tygodniowe warsztaty dla os\u00f3b, kt\u00f3re chcia\u0142yby podobn\u0105 grup\u0119 za\u0142o\u017cy\u0107 i prowadzi\u0107.\u00a0 B\u0119dziemy informowa\u0107 o nast\u0119pnych tego rodzaju warsztatach na bie\u017c\u0105co. Dodatkowe informacje mo\u017cna uzyska\u0107 u og\u00f3lnopolskiego koordynatora programu, Krystyny Wierszy\u0142owskiej-Zaremby. W tym celu skontaktuj si\u0119 z <a href=\"http:\/\/deignis.pl\/o-nas\/kontakt\/\">biurem Fundacji DE&#8217;IGNIS<\/a>.<\/p>\n<p>&nbsp;<\/p>\n","protected":false},"excerpt":{"rendered":"<p>Co to takiego? Prze\u0142om \u017bycia jest programem adresowanym do os\u00f3b, kt\u00f3re zmagaj\u0105 si\u0119 z r\u00f3\u017cnymi problemami: w relacjach ma\u0142\u017ce\u0144skich, rodzinnych, w pracy \u2013 w relacjach w og\u00f3le; czuj\u0105 si\u0119 zagubione w poszukiwaniu w\u0142asnej to\u017csamo\u015bci; nie akceptuj\u0105 swojej p\u0142ci; \u017cyj\u0105 w zniewoleniu i uwik\u0142aniu w rozmaitych sferach swojego \u017cycia. Z programu mog\u0105 r\u00f3wnie\u017c skorzysta\u0107 osoby, kt\u00f3re &#8230; <a title=\"Prze\u0142om \u017cycia\" class=\"read-more\" href=\"https:\/\/poradnictwo.deignis.pl\/index.php\/przelom-zycia\/\" aria-label=\"Dowiedz si\u0119 wi\u0119cej o Prze\u0142om \u017cycia\">czytaj dalej<\/a><\/p>\n","protected":false},"author":2,"featured_media":0,"parent":0,"menu_order":0,"comment_status":"closed","ping_status":"closed","template":"","meta":{"generate_page_header":"","footnotes":""},"class_list":["post-144","page","type-page","status-publish"],"_links":{"self":[{"href":"https:\/\/poradnictwo.deignis.pl\/index.php\/wp-json\/wp\/v2\/pages\/144","targetHints":{"allow":["GET"]}}],"collection":[{"href":"https:\/\/poradnictwo.deignis.pl\/index.php\/wp-json\/wp\/v2\/pages"}],"about":[{"href":"https:\/\/poradnictwo.deignis.pl\/index.php\/wp-json\/wp\/v2\/types\/page"}],"author":[{"embeddable":true,"href":"https:\/\/poradnictwo.deignis.pl\/index.php\/wp-json\/wp\/v2\/users\/2"}],"replies":[{"embeddable":true,"href":"https:\/\/poradnictwo.deignis.pl\/index.php\/wp-json\/wp\/v2\/comments?post=144"}],"version-history":[{"count":13,"href":"https:\/\/poradnictwo.deignis.pl\/index.php\/wp-json\/wp\/v2\/pages\/144\/revisions"}],"predecessor-version":[{"id":570,"href":"https:\/\/poradnictwo.deignis.pl\/index.php\/wp-json\/wp\/v2\/pages\/144\/revisions\/570"}],"wp:attachment":[{"href":"https:\/\/poradnictwo.deignis.pl\/index.php\/wp-json\/wp\/v2\/media?parent=144"}],"curies":[{"name":"wp","href":"https:\/\/api.w.org\/{rel}","templated":true}]}}

Przełom życia

<h3>Co to takiego?</h3>
<p>Przełom Życia jest programem adresowanym do osób, które zmagają się z różnymi problemami: w relacjach małżeńskich, rodzinnych, w pracy – w relacjach w ogóle; czują się zagubione w poszukiwaniu własnej tożsamości; nie akceptują swojej płci; żyją w zniewoleniu i uwikłaniu w rozmaitych sferach swojego życia. Z programu mogą również skorzystać osoby, które odczuwają potrzebę pogłębienia swojego duchowego życia, lepszego zrozumienia siebie, rozwinięcia swojego pełnego potencjału. I wreszcie, jest to program dla tych, którzy pragną pomagać innym, towarzysząc im w ich drodze ku lepszemu.</p>
<h3>Forma programu</h3>
<p>Jest to program duszpasterski, prowadzony w ramach zamkniętych grup samopomocowych. Prowadzony jest przez ludzi, którzy najpierw sami byli uczestnikami takiej grupy. Dzięki działaniu Bożemu doznali oni procesu przemiany w jakiejś dziedzinie swojego życia. Uczestniczyć w nim może każdy, zarówno wierzący, jak i niewierzący, po zaakceptowaniu regulaminu oraz odbyciu wstępnych rozmów z koordynatorem lub duszpasterzem wyznaczonym przez koordynatora.</p>
<h3>Skąd się wziął?<img loading="lazy" decoding="async" class="alignright size-full wp-image-568" src="http://poradnictwo.deignis.pl/wp-content/uploads/2023/06/przelom_okladka-209x300-1.png" alt="Przełom okładka" width="209" height="300" /></h3>
<p>Duszpasterstwo prezentowane w Przełomie Życia opiera się na ponad 10-letnim doświadczeniu duszpasterzy i terapeutów niemieckich, a zawarte w nim koncepcje psychologiczne splatają się ściśle z myślą teologiczną. O jego skuteczności w życiu pojedynczych osób decyduje to, jak odpowiedzą na zaproszenie do nawiązania osobistej relacji z trójjedynym Bogiem. Bo to On pomaga w rozwiązywaniu konfliktów &#8211; nie tyle stojąc na zewnątrz danej osoby, ale od wewnątrz, dając się człowiekowi poznać i doświadczyć. Punktem wyjścia Przełomu Życia jest bliska społeczność z Bogiem, ale nie po to, aby Go zmusić do cudownego działania, niczym za dotknięciem magicznej różdżki. Chodzi raczej o to, aby współdziałać z Jego Duchem Świętym, będąc aktywnym uczestnikiem kształtowania w sobie nowej tożsamości – zakorzenionej w zmartwychwstałym Jezusie Chrystusie.</p>
<h3>Potrzeby a relacje</h3>
<p>Doświadczenie pokazuje, że wielokrotnie u podłoża problemów człowieka leżą niezaspokojone <strong>podstawowe potrzeby</strong>.  Z nich wynikają często nieudane relacje, zniechęcenie do nawiązywania relacji bądź trwanie w niszczących relacjach. Dlatego punktem centralnym działań Przełomu Życia są właśnie relacje, przy czym więź z Bogiem jest tak samo ważna, jak więź z ludźmi. W małych grupach dążymy do stworzenia poczucia bezpieczeństwa i akceptacji dla wszystkich uczestników.</p>
<h3>O czym mówimy?</h3>
<p>Poruszamy tematy takie, jak: Przeznaczenie człowieka i jego podstawowe potrzeby; Duch Święty i wola jednostki; Modlitwa kontemplacyjna jako bezpieczne miejsce; Przebaczenie jako klucz do uzdrowienia; Kształtowanie się tożsamości człowieka i samoakceptacja; Zmiana nawyków myślowych; i inne.</p>
<h3>Bezpieczna przestrzeń</h3>
<p>Nie udzielamy recept na zdrowie i szczęście, ale staramy się stworzyć przestrzeń, w której osoba potrzebująca poczuje się bezpiecznie, odważy się odkryć swoje niezaspokojone potrzeby, ukryte poza problemami, i dozna inspiracji do szukania dróg właściwego ich zaspokojenia. Wtedy będzie mogła rozwijać się zgodnie z Bożym planem ku pełnej dojrzałości i jej życie będzie przynosiło trwałe owoce.</p>
<h3>Przebieg programu</h3>
<p>Program realizowany jest w ciągu 16-18 sesji. Mają one miejsce zazwyczaj  co dwa tygodnie i trwają 3 godziny. Jedna sesja składa się z 3 części:</p>
<ul>
<li>Część inspirująca (słowo zachęty, śpiew, modlitwa, świadectwa z codziennego życia)</li>
<li>Część nauczająca</li>
<li>Praca w małych grupach pod opieką prowadzących grupy</li>
</ul>
<p>Uczestnicy w ramach niewielkich opłat otrzymują na bieżąco materiały, które dla większej korzyści zaleca się pogłębiać w domowych przemyśleniach.</p>
<p>Pierwsza grupa Przełomu Życia powstała w Poznaniu, w roku 2007 roku. Od tego czasu powstaje coraz więcej takich grup, między innymi w Gdańsku oraz w Warszawie.</p>
<p>Od dwóch lat prowadzimy w uroczej miejscowości Barycz k. Końskiego tygodniowe warsztaty dla osób, które chciałyby podobną grupę założyć i prowadzić.  Będziemy informować o następnych tego rodzaju warsztatach na bieżąco. Dodatkowe informacje można uzyskać u ogólnopolskiego koordynatora programu, Krystyny Wierszyłowskiej-Zaremby. W tym celu skontaktuj się z <a href="http://deignis.pl/o-nas/kontakt/">biurem Fundacji DE&#8217;IGNIS</a>.</p>
<p>&nbsp;</p>

<p>Co to takiego? Przełom Życia jest programem adresowanym do osób, które zmagają się z różnymi problemami: w relacjach małżeńskich, rodzinnych, w pracy – w relacjach w ogóle; czują się zagubione w poszukiwaniu własnej tożsamości; nie akceptują swojej płci; żyją w zniewoleniu i uwikłaniu w rozmaitych sferach swojego życia. Z programu mogą również skorzystać osoby, które &#8230; <a title="Przełom życia" class="read-more" href="https://poradnictwo.deignis.pl/index.php/przelom-zycia/" aria-label="Dowiedz się więcej o Przełom życia">czytaj dalej</a></p>
