{"id":18,"date":"2016-10-18T09:55:08","date_gmt":"2016-10-18T07:55:08","guid":{"rendered":"http:\/\/poradnictwo.deignis.pl\/?page_id=18"},"modified":"2017-10-20T15:01:19","modified_gmt":"2017-10-20T13:01:19","slug":"aktualnosci","status":"publish","type":"page","link":"https:\/\/poradnictwo.deignis.pl\/index.php\/aktualnosci\/","title":{"rendered":"Aktualno\u015bci"},"content":{"rendered":"<p>Od pewnego czasu zajmujemy si\u0119 budowaniem sieci punkt\u00f3w poradnictwa chrze\u015bcija\u0144skiego ICHTHYS. (zobacz <a href=\"http:\/\/poradnictwo.deignis.pl\/index.php\/aktualnosci\/info\/\">informacj\u0119 o nas<\/a> oraz list\u0119 istniej\u0105cych <a href=\"http:\/\/poradnictwo.deignis.pl\/index.php\/lista-punktow-poradnictwa-ichthys\/\">punkt\u00f3w poradnictwa<\/a>) W ramach tego procesu, prowadz\u0105cy punkty poradnictwa oraz zainteresowani ich za\u0142o\u017ceniem spotykaj\u0105 si\u0119 dwa razy do roku na konsultacje i szkolenie.<\/p>\n<p>Najbli\u017csze\u00a0spotkanie Punkt\u00f3w Poradnictwa Ichthys zosta\u0142o zaplanowane na sobot\u0119, 28 pa\u017adziernika w Warszawie. Odb\u0119dzie si\u0119 ono w godzinach 11:00-17:00 w pomieszczeniach Zboru Dom Bo\u017cy KBwCh, przy ul. K\u0142opotowskiego 11. Temat spotkania:<strong><br \/>\n<em>Jak post\u0119powa\u0107 z trudnymi lud\u017ami? Zaburzenia osobowo\u015bci ze szczeg\u00f3lnym uwzgl\u0119dnieniem zaburzenia typu Borderline.<\/em><br \/>\n<\/strong><\/p>\n<p>Wyk\u0142adowcy:<\/p>\n<ul>\n<li><strong>Winfried Hahn,<\/strong> pedagog, pastor i szef o\u015brodka pozaklinicznej opieki psychiatrycznej DE\u2019IGNIS \u2013 Dom Tabor w Engelswies w Niemczech. Odpowiada za teologiczn\u0105 dzia\u0142alno\u015b\u0107 Instytutu DE&#8217;IGNIS w Altensteig.<\/li>\n<li><strong>Dr med. Herbert Scheiblich<\/strong>, psychiatra i docent na Uniwersytecie w Mainz w Niemczech. Odpowiada za psychoterapeutyczn\u0105 dzia\u0142alno\u015b\u0107 Instytutu DE\u2019IGNIS w Altensteig.<\/li>\n<\/ul>\n<p>Zg\u0142oszenia udzia\u0142u mo\u017cna dokona\u0107 przez <a href=\"http:\/\/deignis.pl\/kontakt-2\/biuro\/\">formularz<\/a> na stronie Fundacji DE&#8217;IGNIS.<\/p>\n","protected":false},"excerpt":{"rendered":"<p>Od pewnego czasu zajmujemy si\u0119 budowaniem sieci punkt\u00f3w poradnictwa chrze\u015bcija\u0144skiego ICHTHYS. (zobacz informacj\u0119 o nas oraz list\u0119 istniej\u0105cych punkt\u00f3w poradnictwa) W ramach tego procesu, prowadz\u0105cy punkty poradnictwa oraz zainteresowani ich za\u0142o\u017ceniem spotykaj\u0105 si\u0119 dwa razy do roku na konsultacje i szkolenie. Najbli\u017csze\u00a0spotkanie Punkt\u00f3w Poradnictwa Ichthys zosta\u0142o zaplanowane na sobot\u0119, 28 pa\u017adziernika w Warszawie. Odb\u0119dzie si\u0119 &#8230; <a title=\"Aktualno\u015bci\" class=\"read-more\" href=\"https:\/\/poradnictwo.deignis.pl\/index.php\/aktualnosci\/\" aria-label=\"Dowiedz si\u0119 wi\u0119cej o Aktualno\u015bci\">czytaj dalej<\/a><\/p>\n","protected":false},"author":1,"featured_media":0,"parent":0,"menu_order":0,"comment_status":"closed","ping_status":"closed","template":"","meta":{"generate_page_header":"","footnotes":""},"class_list":["post-18","page","type-page","status-publish"],"_links":{"self":[{"href":"https:\/\/poradnictwo.deignis.pl\/index.php\/wp-json\/wp\/v2\/pages\/18","targetHints":{"allow":["GET"]}}],"collection":[{"href":"https:\/\/poradnictwo.deignis.pl\/index.php\/wp-json\/wp\/v2\/pages"}],"about":[{"href":"https:\/\/poradnictwo.deignis.pl\/index.php\/wp-json\/wp\/v2\/types\/page"}],"author":[{"embeddable":true,"href":"https:\/\/poradnictwo.deignis.pl\/index.php\/wp-json\/wp\/v2\/users\/1"}],"replies":[{"embeddable":true,"href":"https:\/\/poradnictwo.deignis.pl\/index.php\/wp-json\/wp\/v2\/comments?post=18"}],"version-history":[{"count":11,"href":"https:\/\/poradnictwo.deignis.pl\/index.php\/wp-json\/wp\/v2\/pages\/18\/revisions"}],"predecessor-version":[{"id":151,"href":"https:\/\/poradnictwo.deignis.pl\/index.php\/wp-json\/wp\/v2\/pages\/18\/revisions\/151"}],"wp:attachment":[{"href":"https:\/\/poradnictwo.deignis.pl\/index.php\/wp-json\/wp\/v2\/media?parent=18"}],"curies":[{"name":"wp","href":"https:\/\/api.w.org\/{rel}","templated":true}]}}