{"id":53,"date":"2016-10-18T10:10:52","date_gmt":"2016-10-18T08:10:52","guid":{"rendered":"http:\/\/poradnictwo.deignis.pl\/?page_id=53"},"modified":"2016-11-11T19:27:13","modified_gmt":"2016-11-11T18:27:13","slug":"historie","status":"publish","type":"page","link":"https:\/\/poradnictwo.deignis.pl\/index.php\/historie\/","title":{"rendered":"Historie"},"content":{"rendered":"<p>To miejsce czeka na Twoj\u0105 histori\u0119 otrzymania pomocy ze \u015brodowiska zrzeszonego w poradnictwie &#8222;Ichthys&#8221;!<\/p>\n","protected":false},"excerpt":{"rendered":"<p>To miejsce czeka na Twoj\u0105 histori\u0119 otrzymania pomocy ze \u015brodowiska zrzeszonego w poradnictwie &#8222;Ichthys&#8221;!<\/p>\n","protected":false},"author":1,"featured_media":0,"parent":0,"menu_order":0,"comment_status":"closed","ping_status":"closed","template":"","meta":{"generate_page_header":"","footnotes":""},"class_list":["post-53","page","type-page","status-publish"],"_links":{"self":[{"href":"https:\/\/poradnictwo.deignis.pl\/index.php\/wp-json\/wp\/v2\/pages\/53","targetHints":{"allow":["GET"]}}],"collection":[{"href":"https:\/\/poradnictwo.deignis.pl\/index.php\/wp-json\/wp\/v2\/pages"}],"about":[{"href":"https:\/\/poradnictwo.deignis.pl\/index.php\/wp-json\/wp\/v2\/types\/page"}],"author":[{"embeddable":true,"href":"https:\/\/poradnictwo.deignis.pl\/index.php\/wp-json\/wp\/v2\/users\/1"}],"replies":[{"embeddable":true,"href":"https:\/\/poradnictwo.deignis.pl\/index.php\/wp-json\/wp\/v2\/comments?post=53"}],"version-history":[{"count":3,"href":"https:\/\/poradnictwo.deignis.pl\/index.php\/wp-json\/wp\/v2\/pages\/53\/revisions"}],"predecessor-version":[{"id":165,"href":"https:\/\/poradnictwo.deignis.pl\/index.php\/wp-json\/wp\/v2\/pages\/53\/revisions\/165"}],"wp:attachment":[{"href":"https:\/\/poradnictwo.deignis.pl\/index.php\/wp-json\/wp\/v2\/media?parent=53"}],"curies":[{"name":"wp","href":"https:\/\/api.w.org\/{rel}","templated":true}]}}